
-3
Evaluate -3 + 2 + 2 + 0 + -1.
0
What is the value of (2 + 0 - (2 + -1)) + -1?
0
Calculate -43 + 38 - (-2 - (0 + -1)).
-4
What is 4 + -2 + -2 + -1 - -3?
2
Calculate -2 + 0 - (4 + -8).
2
Calculate (-2 - (-1 + -2) - 3) + 4.
2
What is the value of -3 - ((0 - (6 + -4)) + -2)?
1
Evaluate 5 + -2 + 1 - (13 + -15).
6
Calculate 2 + -1 - (-20 - -18).
3
2 + 1 + (1 - 5)
-1
Evaluate 1 + -2 - (7 - 9).
1
Evaluate 1 + 8 - (9 + 1).
-1
Calculate (96 - 94) + 0 + -2.
0
Calculate -8 + -2 + 4 - (70 + -72).
-4
What is (12 - 7 - 6) + 9?
8
5 - (2 - (1 - 0))
4
Calculate (3 - -2) + (-12 - (0 + -7)).
0
8 + -5 + -4 + -2
-3
What is 11 - (6 + -5 + 6 + 1)?
3
(-2 - -2) + -10 + 16
6
-3 + (4 - 4) + 4 + -4
-3
What is -6 + 3 - (-4 + -4)?
5
Calculate -4 + (2 - -4) - 2.
0
What is the value of 3 - (12 - (-2 + 2 - -4))?
-5
(-5 + 3 - -14) + -9
3
What is the value of (6 - (11 - -11)) + 9?
-7
Calculate -1 + 12 + -10 + 4.
5
6 - (-3 - -15 - 14)
8
(-1 - (4 + -6 + 5)) + 5
1
(2 - ((-3 - 1) + 10)) + 2
-2
Calculate 6 + -17 - -9 - (0 + -5).
3
Evaluate 2 + 2 - (3 + -2) - -2.
5
What is 1 - (-4 + 6) - 2 - -5?
2
-2 + (9 - 7) - (2 - -2)
-4
What is the value of -1 + -4 + (15 - -1 - 8)?
3
What is the value of (-4 - (-6 - -3)) + -2 + 1?
-2
Evaluate -3 + (-1 - -1) - (20 + -25).
2
Evaluate -6 + 7 + (-14 - -3) - -4.
-6
What is the value of 2 - ((1 - 1) + -1 + 0)?
3
What is the value of (1 - (4 + 0)) + 0?
-3
Calculate 2 - 5 - (-29 - -28).
-2
Calculate 8 + (2 - 6) + -1.
3
Calculate -2 - -2 - -5 - (3 - 0).
2
(21 - 10) + -7 + -12
-8
What is the value of 3 + ((2 - -1) + 4 - 5)?
5
1 + -3 - 7 - (-2 + -18)
11
What is the value of 7 - 7 - (-2 + 5 - -1)?
-4
What is (0 - 0) + (-34 - -14) + 15?
-5
Calculate -5 + -7 + 4 + (4 - 1).
-5
Evaluate -9 + (2 - (6 - 17)).
4
What is (2 - 3) + (-1 - 1)?
-3
What is the value of (-6 - -8) + -1 + 4 - 1?
4
5 + -9 - (3 - 2)
-5
Calculate -4 + 0 + (4 - 5).
-5
Evaluate 2 + (0 - (-7 - (-1 + -6))).
2
Evaluate (-2 - 4 - -12) + -3.
3
Calculate (47 - 28) + -14 + 1.
6
Calculate -4 + (7 - 2) - 0.
1
0 - (-3 + -2) - 6
-1
Evaluate (2 - (0 + -8 - -13)) + 0.
-3
What is the value of 3 - (-2 + 0) - (-8 + 18)?
-5
2 + 3 - 6 - -4
3
-8 + -3 + 17 + -8
-2
Calculate -8 - (-2 - (5 + (2 - 6))).
-5
What is the value of (1 - 3) + (9 - 8)?
-1
What is 0 + 1 + 1 + -5?
-3
What is -14 + (-5 - -14) + 1 + 0?
-4
(0 - -2) + (4 - 5)
1
Evaluate -1 + -3 - (-5 + 2 + -5).
4
What is the value of (7 - 8) + 3 + -1?
1
Calculate (13 + 2 - 12) + -8.
-5
Calculate -1 - 2 - (-5 - 2).
4
What is (2 - 0 - 5) + (-9 - -10)?
-2
What is (0 - -5) + 2 + 184 + -181?
10
Evaluate 9 + (2 - -1) + -9 - -4.
7
What is -8 + 13 + -7 + -2?
-4
(4 - (11 - 4)) + 0 + 4
1
2 + (-4 - 4) + 0
-6
Calculate 3 + 7 + 2 + (-10 - 9).
-7
What is (-5 - 2) + (-6 - -19)?
6
-1 - (-1 + -13 + 7 + 10)
-4
Evaluate 12 + -4 - -1 - 17.
-8
What is (-1 - 4 - 6) + (19 - 12)?
-4
Evaluate 0 - (-3 - 1) - (0 - -2).
2
(5 - 5) + -6 - (-1 - 2)
-3
Evaluate (21 + -23 - (-2 + -1)) + -5.
-4
What is the value of -2 + 1 + (0 - (0 - 2))?
1
(4 - 6) + (-1 - -8)
5
8 - (8 + -3 + 1)
2
What is the value of 14 + -18 + (1 - 1) + 3?
-1
What is the value of (-1 - -4) + 3 + (-6 - -2)?
2
Evaluate 3 - (11 - (0 - 3 - -7)).
-4
Evaluate (-4 - (0 + 2)) + 279 + -269.
4
What is (-186 - -200) + (-11 - 0)?
3
What is the value of -1 + 3 + -9 + 3?
-4
(-6 - -6) + 3 + -1 - 2
0
Evaluate (-1 - -13) + -7 - 7.
-2
2 + (-1 + -7 - -4)
-2
Calculate (-1 - 1) + -2 + (-4 - -4).
-4
What is -6 + (4 + 3 - 2)?
-1
Calculate 4 + 3 - (-7 + (13 - 0)).
1
1 + 2 + 82 + -86
-1
What is the value of 3 + (2 - 1) + (0 - 8)?
-4
-2 - -3 - 5 - -5
1
What is 0 - ((1 - -2) + -1)?
-2
Calculate 31 + -25 + (-2 - (11 - 0)).
-7
What is the value of -2 + -7 - 6 - -5?
-10
Evaluate -1 - (-11 + 9 + (-2 - 1)).
4
Calculate (-8 - -2) + (12 - 2).
4
What is 9 + -4 + -1 + 1?
5
What is (1 - (4 - 1) - -1) + -2?
-3
(2 - 6) + 5 + -10 + 10
1
Calculate 3 - (0 + (-4 - -5) - 0).
2
-4 + 8 + -11 + 2
-5
Calculate (3 - 1 - (-55 + 58)) + -5.
-6
What is 1 - (3 + -6 + -1)?
5
Calculate ((9 - 4) + -11 - -1) + 4.
-1
-5 + (5 - -12) + 0 + -3
9
What is the value of 4 - (-4 - (-6 + -2))?
0
(-6 - (-3 - -1)) + 6
2
What is -4 - 2 - -4 - -4?
2
Calculate -13 + 12 + (0 - 1).
-2
Calculate 3 - -1 - (58 + -53).
-1
Calculate 2 - (-2 + -5 + 6).
3
What is the value of -1 - (-1 + (5 - 6) - -5)?
-4
What is the value of 28 + -28 - (-1 - (0 + 6))?
7
What is (9 - 6) + (4 - 3)?
4
Calculate (7 - (6 - 2) - 5) + -3.
-5
2 + -1 + -2 + 4 - 0
3
Evaluate (3 - (3 - -2)) + -2 + -1.
-5
Calculate (0 - -3) + -3 + (12 - 10).
2
Evaluate 1 - (2 + (-7 - -4)).
2
What is the value of 2 + (11 + -11 - (-2 - -7))?
-3
What is the value of -7 - (-3 - (5 - (5 - 6)))?
2
0 + -2 - (-7 - -2)
3
Evaluate 0 - ((-1 - 1) + 0).
2
-6 - (-4 + (3 - -2)) - -3
-4
What is the value of 6 - 1 - (9 + -6 + -5)?
7
-3 + (2 - (-2 + 3))
-2
What is the value of 6 + -3 - -2 - (8 - 4)?
1
Calculate 6 - 7 - (-4 - -4).
-1
Evaluate 5 + (-5 + 4 - (-1 - -4)).
1
Calculate -2 - -10 - (-62 - -62).
8
Evaluate -4 - (-4 - (-3 + -2)).
-5
Evaluate -1 + -2 - (-12 + 0) - 3.
6
Calculate 3 + -6 - (-2 + 4).
-5
-1 - (4 + -1 - 0)
-4
What is 0 + -2 + 5 - (13 - 6)?
-4
What is (0 + -1 - 1) + -3 - -2?
-3
Calculate (11 - 4) + (1 - 4).
4
Calculate 9 - (6 + 5 - 10).
8
Calculate -36 - -37 - (-3 - 2).
6
What is (-7 - -4) + 4 + -4?
-3
What is the value of -5 - (-3 - (-3 - (-2 + -1)))?
-2
What is the value of (-1 - 3 - 2) + -34 + 48?
8
Calculate 7 + (0 - (11 + -6)).
2
Calculate 5 + (-13 + 9 - 5).
-4
-3 - (5 - (13 + -4))
1
0 + 3 + (-4 - -16 - 14)
1
Evaluate (-11 - -2) + (8 - 4) + -1.
-6
Calculate (-7 - 0) + 31 + -28.
-4
Calculate 4 - (7 - 3 - 0).
0
What is 4 + (6 + -8 - -3)?
5
What is the value of -7 + 10 + -2 + 0?
1
What is the value of -11 - -3 - (-1 + -5)?
-2
Evaluate 3 - 1 - (23 + -10 - 10).
-1
Evaluate 2 + 3 + 6 + -7.
4
Calculate (1 - -1) + 3 - 0.
5
What is 19 + (-8 - -2) + -3 - 2?
8
Calculate 10 + (5 - (1 - -8)).
6
What is the value of (-5 - -1) + 15 + -15?
-4
What is 15 - (11 - (7 + -2))?
9
Calculate 0 - (-5 - (5 - 5)).
5
Calculate (3 - 2) + -1 - 5.
-5
What is the value of 3 + -1 - (-4 - (-6 - -5))?
5
What is the value of 5 - (0 - -2 - (12 - 15))?
0
What is the value of (1 + (-4 - 0) - -2) + 2?
1
What is -5 - (0 + 1 + -1)?
-5
Evaluate 5 + 3 + -3 - -1.
6
-6 + 1 + (0 - -10) + -6
-1
What is the value of (-1 - -5) + -3 + 0 + 7?
8
What is the value of 3 + -4 + (-5 - 1 - -7)?
0
What is 5 + (-5 - (5 + -5)) + 0?
0
Calculate -3 + -1 + -5 + -3 + 2.
-10
Evaluate -4 + 8 + (-3 - -2).
3
Calculate -6 + (1 - 0) + 7.
2
What is (5 - (-1 - -7)) + 0?
-1
0 - (6 - 1 - (11 - 7))
-1
Calculate 1 - (3 - (4 - 4)).
-2
Evaluate 11 + (-10 - -8) - 12.
-3
What is the value of 9 + -12 + 2 + (1 - 6)?
-6
What is the value of 2 + -3 - (-7 - -1)?
5
What is (-1 - 2) + -1 + (22 - 18)?
0
Evaluate 1 + (5 - 5) + 5.
6
Calculate 7 - 5 - 9 - -8.
1
What is (4 - ((-6 - -1) + 8)) + -4?
-3
Calculate -2 + -9 + 4 - -10.
3
Calculate -5 - (-14 + 3 - -16).
-10
Evaluate -1 - 0 - (-4 + 0).
3
-4 - (-11 + -1 + 0)
8
What is 3 + 2 + (-4 - (4 + -5))?
2
What is 16 + -11 + -2 + 0?
3
-2 - (-2 + 6 - 7)
1
Calculate (18 - 19) + (-2 - -6).
3
-4 + -1 + 7 + -5
-3
Evaluate -11 - -13 - (-5 + 1 + 1).
5
What is the value of (-1 - (1 + 0)) + -13 + 15?
0
Evaluate (0 - 1 - -2) + 86 + -86.
1
Evaluate (3 - 4) + 2 + -3 + 4.
2
What is 3 + 3 + -9 + 9?
6
Evaluate 2 - 5 - (-4 - (-8 + 4)).
-3
What is -3 - (-22 - -26 - (0 + 3))?
-4
What is the value of 1 + (1 - 3) + 2 + -4?
-3
Evaluate 9 + -4 + (-1 - -4) - 3.
5
Calculate (8 - 16) + 13 + 2 + 1.
8
(1 - -4) + (3 - 4)
4
What is (-5 - -1) + (3 - (-1 + 2))?
-2
What is the value of (-1 + 3 - (-3 - -7)) + 5?
3
Evaluate -13 + 5 - (3 + -5 - -1).
-7
Calculate (0 - (0 - 0)) + 2 + -2.
0
Calculate 2 + -8 + -4 + 7.
-3
What is (-7 - -7) + 5 + 2 + -3?
4
What is -2 + 7 - (-1 - -4) - 6?
-4
Evaluate 3 + -1 - (-13 + 15).
0
What is the value of 0 - 1 - (4 + -4 + 5)?
-6
Calculate -10 - (3 + -17 + 8).
-4
What is (2 - (-8 + 5 + 0)) + -1?
4
Evaluate 2 - (-4 + 7 + (-9 - -4)).
4
Calculate -11 + (3 - -1) + 2.
-5
What is (-5 + 1 - -5) + -8?
-7
1 - 0 - (2 + -2 - 3)
4
(0 - (-3 + -2)) + -92 + 82
-5
What is 1 + -3 + (-8 - -6 - -6)?
2
What is -2 - (-6 + 1) - (-52 - -49)?
6
Evaluate -3 + 1 - (10 + 6 - 9).
-9
Evaluate (-5 - (2 + -4)) + 1.
-2
What is the value of (0 - -1) + -7 + 1 + 6?
1
5 + (-1 - (-1 + 7))
-2
Evaluate 3 + -1 + 1 + -4.
-1
What is 